2798157 prime?
False
Is 3134877701 composite?
False
Is 791509193 a prime number?
True
Is 6547472027 prime?
False
Is 10497731411 prime?
True
Is 756598387 prime?
False
Is 52232592131 a prime number?
False
Is 33396637633 prime?
True
Is 1381324337 a prime number?
False
Is 725019899 a composite number?
True
Is 5208326183 composite?
True
Is 1657463311 a composite number?
True
Is 18457441889 a prime number?
True
Is 370863833 a composite number?
True
Is 312424003 a composite number?
False
Is 251809357 composite?
False
Is 1063488167 composite?
True
Is 22061226623 composite?
True
Is 1836554911 composite?
False
Is 1470322081 a prime number?
False
Is 8001311723 a prime number?
True
Is 1079792437 prime?
True
Is 1499080747 a prime number?
False
Is 460730519 composite?
True
Is 17754701 a composite number?
False
Is 10474678199 composite?
False
Is 15251270621 a composite number?
False
Is 23211373043 a composite number?
False
Is 462785539 composite?
False
Is 7991832059 composite?
False
Is 604428739 prime?
False
Is 68191594411 composite?
False
Is 161026893637 a composite number?
False
Is 1235220593 prime?
False
Is 4785859339 a prime number?
True
Is 854899069 a composite number?
True
Is 104505556367 prime?
False
Is 3603070109 composite?
False
Is 2300283827 a composite number?
False
Is 6673435031 prime?
True
Is 10795006309 a prime number?
False
Is 19144625806 composite?
True
Is 51695829421 a prime number?
True
Is 88019708809 prime?
False
Is 2972261959 a prime number?
True
Is 570347033 a composite number?
True
Is 16482009191 a composite number?
False
Is 64419581 prime?
False
Is 3761257881 a composite number?
True
Is 1457504501 a prime number?
True
Is 10954221853 a composite number?
False
Is 871303699 a composite number?
True
Is 310953586127 composite?
False
Is 1085422931 a composite number?
False
Is 2559632611 prime?
True
Is 358781629 composite?
False
Is 492185591 composite?
True
Is 7182571369 a composite number?
False
Is 3111692021 composite?
False
Is 14389988905 composite?
True
Is 3642990591 a composite number?
True
Is 375341 a prime number?
True
Is 74643665611 a composite number?
True
Is 1496676019 a composite number?
True
Is 2630996717 a composite number?
False
Is 2456456467 a composite number?
False
Is 545482811 a prime number?
True
Is 350380753 a prime number?
True
Is 110198549 a composite number?
False
Is 59977435699 a composite number?
False
Is 88980274 a composite number?
True
Is 907245199 a composite number?
True
Is 488366729 a prime number?
True
Is 2879307667 a prime number?
True
Is 3702304891 composite?
False
Is 1374433987 prime?
False
Is 2340795781 composite?
False
Is 24953310061 a prime number?
True
Is 623047327 a prime number?
False
Is 335722813 a composite number?
False
Is 7337468839 a prime number?
True
Is 11212436317 a prime number?
False
Is 61291685387 a composite number?
False
Is 5917859903 composite?
False
Is 250963314721 a prime number?
False
Is 5752297483 a composite number?
False
Is 768111943 a prime number?
True
Is 35508701 prime?
False
Is 901754509 composite?
True
Is 1410626471 prime?
False
Is 61052988701 a prime number?
True
Is 7630479191 prime?
True
Is 8076374413 composite?
True
Is 14988799 a prime number?
False
Is 346714759 a composite number?
False
Is 1359745943 a composite number?
False
Is 12609257 composite?
True
Is 1643125801 composite?
True
Is 226866363 composite?
True
Is 367888805957 a composite number?
False
Is 10541206483 a prime number?
False
Is 716160869 a composite number?
True
Is 15332267267 a prime number?
False
Is 751021753 a composite number?
False
Is 1154189837 composite?
False
Is 27869283229 a prime number?
True
Is 57940024807 a composite number?
True
Is 190633643 a composite number?
False
Is 2972329931 a prime number?
True
Is 30736829521 composite?
False
Is 22509873349 a prime number?
False
Is 19264910309 composite?
False
Is 1583793391 prime?
True
Is 27828341 composite?
False
Is 13080816871 a composite number?
True
Is 2819152403 composite?
False
Is 798187277 a composite number?
False
Is 11804210501 a composite number?
False
Is 272572891 prime?
False
Is 1359989909 a composite number?
False
Is 7770842857 composite?
False
Is 14883914867 a prime number?
False
Is 66819845459 prime?
False
Is 540420607 prime?
False
Is 2888131997 prime?
True
Is 32839945673 composite?
False
Is 6389817562 composite?
True
Is 192200588729 prime?
True
Is 2447713181 a composite number?
False
Is 74417918689 a prime number?
False
Is 55158674763 a composite number?
True
Is 5008917359 a composite number?
True
Is 62799967 composite?
False
Is 65828309189 prime?
False
Is 33957769529 a prime number?
True
Is 884326867 prime?
False
Is 1466408183 prime?
True
Is 4993438019 a prime number?
True
Is 20652029891 prime?
True
Is 4217393227 a composite number?
False
Is 195458269 composite?
True
Is 4412604493 prime?
False
Is 6850207087 composite?
True
Is 6269709913 composite?
False
Is 4250569286 a prime number?
False
Is 675781091 a prime number?
True
Is 361324447683 prime?
False
Is 9395607535 prime?
False
Is 1668884803 a prime number?
False
Is 842050961 prime?
True
Is 266105701 prime?
True
Is 707359943 composite?
False
Is 3609206221 a composite number?
True
Is 479038709 a prime number?
True
Is 5197455542 composite?
True
Is 12492574261 prime?
True
Is 13152536443 prime?
False
Is 920746579 a composite number?
False
Is 1197485853 prime?
False
Is 7181557871 a composite number?
False
Is 11124503893 composite?
False
Is 7069219783 prime?
False
Is 35384267 composite?
False
Is 16936419299 composite?
False
Is 874136927 a prime number?
False
Is 540268301 prime?
True
Is 4226784949 composite?
False
Is 2404212731 a prime number?
True
Is 425773903 a composite number?
False
Is 628922039 prime?
True
Is 48957056429 composite?
False
Is 5381740471 a prime number?
True
Is 7510723931 a composite number?
False
Is 13702632449 prime?
False
Is 6056809597 prime?
True
Is 57087775153 a prime number?
True
Is 64850543911 a composite number?
True
Is 6356846611 prime?
False
Is 15438784013 a composite number?
True
Is 22719816871 a composite number?
True
Is 77525170829 prime?
False
Is 146024041 composite?
False
Is 1791687881 prime?
True
Is 273249437 composite?
True
Is 610742911 a composite number?
False
Is 90617424673 composite?
True
Is 777900289 prime?
True
Is 47875934111 a composite number?
False
Is 5534288429 prime?
True
Is 344238721 composite?
False
Is 154360979 prime?
True
Is 484799698 prime?
False
Is 53162931361 a composite number?
True
Is 2614216619 a prime number?
False
Is 8228606957 composite?
True
Is 182122789 a prime number?
True
Is 67702376341 composite?
True
Is 11330508593 a composite number?
True
Is 18734700373 prime?
False
Is 34765946311 prime?
True
Is 265341348799 a composite number?
False
Is 52125085 prime?
False
Is 23142144665 a prime number?
False
Is 10713586441 a prime number?
False
Is 1685243543 a prime number?
True
Is 1997382313 a composite number?
False
Is 5179902929 composite?
False
Is 162584040811 a composite number?
True
Is 86184103043 composite?
False
Is 11499204971 composite?
False
Is 1502030399 a prime number?
True
Is 371575285 composite?
True
Is 6707787517 a prime number?
False
Is 241994358829 composite?
True
Is 428130529 a composite number?
True
Is 827535383 a prime number?
False
Is 48045693827 a composite number?
True
Is 1044829999 a composite number?
False
Is 375009191 a composite number?
False
Is 148648018213 composite?
False
Is 30303918527 a prime number?
True
Is 2048536349 a composite number?
False
Is 2991414913 a composite number?
True
Is 20929940723 a prime number?
True
Is 16448366821 prime?
True
Is 3295202741 composite?
False
Is 6112666433 prime?
True
Is 5810326747 a composite number?
True
Is 1229886535 a composite number?
True
Is 2670545051 composite?
False
Is 4550084933 composite?
False
Is 1733239645 composite?
True
Is 52037155927 a composite number?
False
Is 1593699571 prime?
True
Is 32896824007 a composite number?
False
Is 14308304707 prime?
True
Is 27878593559 prime?
False
Is 1321137877 composite?
False
Is 24484687051 prime?
False
Is 955852951 prime?
True
Is 29494630507 a prime number?
True
Is 716688019 a prime number?
True
Is 175801394 prime?
False
Is 25712045503 composite?
True
Is 71693603 composite?
False
Is 1368335719 a prime number?
False
Is 211898867